{"id":9,"date":"2016-07-21T14:59:16","date_gmt":"2016-07-21T14:59:16","guid":{"rendered":"http:\/\/www.ofs.org.co\/web\/?page_id=9"},"modified":"2025-07-06T04:34:04","modified_gmt":"2025-07-06T04:34:04","slug":"fraternidades","status":"publish","type":"page","link":"https:\/\/www.ofs.org.co\/web\/fraternidades\/","title":{"rendered":"FRATERNIDADES"},"content":{"rendered":"<p style=\"text-align: justify;\"><img loading=\"lazy\" decoding=\"async\" class=\"aligncenter wp-image-641 \" src=\"https:\/\/www.ofs.org.co\/web\/wp-content\/uploads\/2024\/10\/WhatsApp-Image-2024-10-12-at-5.03.40-PM-300x225.jpeg\" alt=\"\" width=\"748\" height=\"561\" srcset=\"https:\/\/www.ofs.org.co\/web\/wp-content\/uploads\/2024\/10\/WhatsApp-Image-2024-10-12-at-5.03.40-PM-300x225.jpeg 300w, https:\/\/www.ofs.org.co\/web\/wp-content\/uploads\/2024\/10\/WhatsApp-Image-2024-10-12-at-5.03.40-PM-1024x768.jpeg 1024w, https:\/\/www.ofs.org.co\/web\/wp-content\/uploads\/2024\/10\/WhatsApp-Image-2024-10-12-at-5.03.40-PM-768x576.jpeg 768w, https:\/\/www.ofs.org.co\/web\/wp-content\/uploads\/2024\/10\/WhatsApp-Image-2024-10-12-at-5.03.40-PM.jpeg 1280w\" sizes=\"auto, (max-width: 748px) 100vw, 748px\" \/><\/p>\n<p style=\"text-align: justify;\">La Orden Franciscana Seglar est\u00e1 integrada, en todo el mundo, por fraternidades. Una fraternidad est\u00e1 compuesta por al menos 5 hermanos.&nbsp;Son las diferentes fraternidades existentes en toda Colombia las que van dando existencia a las fraternidades regionales y a la fraternidad nacional.<\/p>\n<p style=\"text-align: justify;\"><strong>As\u00ed dice el cap\u00edtulo III de la Regla a prop\u00f3sito de las Fraternidades:<\/strong><\/p>\n<p style=\"text-align: justify;\">La Orden Franciscana Seglar se divide en Fraternidades, de diversos niveles o grados: local, regional, nacional e internacional. Cada una de estas Fraternidades tiene su propia personalidad moral en la Iglesia. Las Fraternidades se coordinan y unen entre s\u00ed, de acuerdo con lo que se establece la Regla y las Constituciones Generales.<\/p>\n<p style=\"text-align: justify;\">En los diferentes niveles, cada Fraternidad es animada y guiada por un Ministro y sus consejeros, elegidos por los profesos perpetuos, en conformidad con las Constituciones.&nbsp;Su servicio, que dura un tiempo limitado, es un compromiso de disponibilidad y de responsabilidad para con cada uno y para con el grupo.<\/p>\n<p style=\"text-align: justify;\">Las Fraternidades, seg\u00fan lo establecido en las Constituciones, se estructuran internamente de manera diversa, conforme a las necesidades de sus miembros y de las regiones, bajo la direcci\u00f3n del Consejo respectivo.<\/p>\n<p style=\"text-align: justify;\">La Fraternidad local necesita ser can\u00f3nicamente erigida, y se convierte as\u00ed en la primera c\u00e9lula de toda la Orden y en signo visible de la Iglesia, que es una comunidad de amor. La Fraternidad deber\u00e1 ser el lugar privilegiado para desarrollar el sentido eclesial y la vocaci\u00f3n franciscana, y, adem\u00e1s, para animar la vida apost\u00f3lica de sus miembros<\/p>\n<p style=\"text-align: justify;\">Las peticiones de admisi\u00f3n en la Orden Franciscana Seglar se presentan a una Fraternidad local, cuyo Consejo decide sobre la aceptaci\u00f3n de los nuevos hermanos.<\/p>\n<p style=\"text-align: justify;\">El proceso de incorporaci\u00f3n a la Fraternidad comprende el tiempo de iniciaci\u00f3n, el per\u00edodo de formaci\u00f3n, que dura, por lo menos, un a\u00f1o, y la Profesi\u00f3n de la Regla. En este itinerario gradual est\u00e1 comprometida toda la Fraternidad, aun con su estilo de vida. Por lo que se refiere a la edad para la Profesi\u00f3n, y a los signos distintivos franciscanos, proc\u00e9dase seg\u00fan los Estatutos.<\/p>\n<p>Se presenta a continuaci\u00f3n las fraternidades que hoy hacen parte de la OFS Colombia y el lugar donde se encuentran.<\/p>\n\n<div class=\"wp-block-image\">\n<figure class=\"aligncenter size-large\"><img loading=\"lazy\" decoding=\"async\" width=\"500\" height=\"1024\" src=\"https:\/\/www.ofs.org.co\/web\/wp-content\/uploads\/2025\/07\/image-500x1024.png\" alt=\"\" class=\"wp-image-740\" srcset=\"https:\/\/www.ofs.org.co\/web\/wp-content\/uploads\/2025\/07\/image-500x1024.png 500w, https:\/\/www.ofs.org.co\/web\/wp-content\/uploads\/2025\/07\/image-147x300.png 147w, https:\/\/www.ofs.org.co\/web\/wp-content\/uploads\/2025\/07\/image.png 736w\" sizes=\"auto, (max-width: 500px) 100vw, 500px\" \/><\/figure>\n<\/div>","protected":false},"excerpt":{"rendered":"<p>La Orden Franciscana Seglar est\u00e1 integrada, en todo el mundo, por fraternidades. Una fraternidad est\u00e1 compuesta por al menos 5 hermanos.&nbsp;Son las diferentes fraternidades existentes en toda Colombia las que van dando<a class=\"moretag\" href=\"https:\/\/www.ofs.org.co\/web\/fraternidades\/\">Read More&#8230;<\/a><\/p>\n","protected":false},"author":1,"featured_media":0,"parent":0,"menu_order":2,"comment_status":"closed","ping_status":"closed","template":"","meta":{"ngg_post_thumbnail":0,"footnotes":""},"class_list":["post-9","page","type-page","status-publish","hentry"],"_links":{"self":[{"href":"https:\/\/www.ofs.org.co\/web\/wp-json\/wp\/v2\/pages\/9","targetHints":{"allow":["GET"]}}],"collection":[{"href":"https:\/\/www.ofs.org.co\/web\/wp-json\/wp\/v2\/pages"}],"about":[{"href":"https:\/\/www.ofs.org.co\/web\/wp-json\/wp\/v2\/types\/page"}],"author":[{"embeddable":true,"href":"https:\/\/www.ofs.org.co\/web\/wp-json\/wp\/v2\/users\/1"}],"replies":[{"embeddable":true,"href":"https:\/\/www.ofs.org.co\/web\/wp-json\/wp\/v2\/comments?post=9"}],"version-history":[{"count":7,"href":"https:\/\/www.ofs.org.co\/web\/wp-json\/wp\/v2\/pages\/9\/revisions"}],"predecessor-version":[{"id":741,"href":"https:\/\/www.ofs.org.co\/web\/wp-json\/wp\/v2\/pages\/9\/revisions\/741"}],"wp:attachment":[{"href":"https:\/\/www.ofs.org.co\/web\/wp-json\/wp\/v2\/media?parent=9"}],"curies":[{"name":"wp","href":"https:\/\/api.w.org\/{rel}","templated":true}]}}